388413?
5
What is the thousands digit of 73333532?
3
What is the hundred thousands digit of 115310387?
3
What is the hundred thousands digit of 631744920?
7
What is the units digit of 168145395?
5
What is the millions digit of 117560616?
7
What is the ten millions digit of 661644233?
6
What is the hundred thousands digit of 382702212?
7
What is the ten thousands digit of 644223474?
2
What is the ten millions digit of 230619686?
3
What is the hundreds digit of 2734489084?
0
What is the tens digit of 18311514?
1
What is the thousands digit of 291490315?
0
What is the ten thousands digit of 55994555?
9
What is the hundred millions digit of 550860986?
5
What is the hundreds digit of 102341946?
9
What is the millions digit of 1296617673?
6
What is the tens digit of 3724334223?
2
What is the millions digit of 836498498?
6
What is the millions digit of 42345372?
2
What is the ten thousands digit of 186082433?
8
What is the millions digit of 23091364?
3
What is the hundreds digit of 88683028?
0
What is the hundred thousands digit of 46006360?
0
What is the hundred thousands digit of 870345463?
3
What is the ten thousands digit of 74509547?
0
What is the thousands digit of 93494582?
4
What is the hundred thousands digit of 6105562344?
5
What is the units digit of 1773312365?
5
What is the ten millions digit of 490306900?
9
What is the tens digit of 1877949029?
2
What is the hundreds digit of 1939467860?
8
What is the hundreds digit of 78900566?
5
What is the hundreds digit of 60607208?
2
What is the tens digit of 16165275?
7
What is the billions digit of 1294800351?
1
What is the thousands digit of 399897420?
7
What is the tens digit of 944386662?
6
What is the hundred thousands digit of 299718673?
7
What is the hundred thousands digit of 5636810?
6
What is the hundreds digit of 9230908?
9
What is the units digit of 309044173?
3
What is the thousands digit of 389170926?
0
What is the units digit of 12969217?
7
What is the ten thousands digit of 83808377?
0
What is the hundreds digit of 2111675870?
8
What is the millions digit of 97514511?
7
What is the billions digit of 2783322490?
2
What is the hundred thousands digit of 59513095?
5
What is the thousands digit of 578733626?
3
What is the thousands digit of 526494353?
4
What is the units digit of 181373656?
6
What is the thousands digit of 23904016?
4
What is the thousands digit of 53680560?
0
What is the hundreds digit of 2076521?
5
What is the units digit of 1225043830?
0
What is the hundred thousands digit of 306714230?
7
What is the ten thousands digit of 120747353?
4
What is the hundred thousands digit of 1087464759?
4
What is the hundred thousands digit of 396056581?
0
What is the hundred millions digit of 160627389?
1
What is the tens digit of 15277865?
6
What is the ten thousands digit of 284360810?
6
What is the hundred thousands digit of 2239324110?
3
What is the millions digit of 33618314?
3
What is the units digit of 79666864?
4
What is the hundred millions digit of 163785324?
1
What is the tens digit of 57765964?
6
What is the ten thousands digit of 4008586811?
8
What is the hundred thousands digit of 192391596?
3
What is the millions digit of 237985199?
7
What is the tens digit of 33978717?
1
What is the ten millions digit of 8885747855?
8
What is the units digit of 56141131?
1
What is the ten millions digit of 23688972?
2
What is the ten thousands digit of 279290348?
9
What is the millions digit of 356147968?
6
What is the hundred millions digit of 436047666?
4
What is the tens digit of 219155759?
5
What is the hundred millions digit of 444705277?
4
What is the ten thousands digit of 51615998?
1
What is the hundreds digit of 249788925?
9
What is the thousands digit of 90129782?
9
What is the millions digit of 7791888346?
1
What is the ten thousands digit of 1417893619?
9
What is the thousands digit of 393639593?
9
What is the billions digit of 1235409352?
1
What is the hundred millions digit of 296671922?
2
What is the hundreds digit of 7375789424?
4
What is the ten millions digit of 209460886?
0
What is the ten millions digit of 124395871?
2
What is the billions digit of 1378224376?
1
What is the thousands digit of 36147178?
7
What is the ten thousands digit of 256194824?
9
What is the millions digit of 39381881?
9
What is the thousands digit of 5175547580?
7
What is the hundreds digit of 34736737?
7
What is the ten millions digit of 112963844?
1
What is the tens digit of 43564310?
1
What is the hundred thousands digit of 50359263?
3
What is the units digit of 2466356472?
2
What is the units digit of 174716991?
1
What is the tens digit of 405735585?
8
What is the units digit of 2497943769?
9
What is the thousands digit of 56258054?
8
What is the hundreds digit of 61867208?
2
What is the ten millions digit of 55137134?
5
What is the hundreds digit of 1023375465?
4
What is the thousands digit of 613916609?
6
What is the thousands digit of 977318752?
8
What is the hundreds digit of 237207028?
0
What is the units digit of 4486449?
9
What is the ten millions digit of 148086020?
4
What is the ten thousands digit of 3125465770?
6
What is the hundreds digit of 116444603?
6
What is the hundreds digit of 49176781?
7
What is the thousands digit of 38544933?
4
What is the thousands digit of 55048537?
8
What is the hundred thousands digit of 209955814?
9
What is the hundred thousands digit of 150309098?
3
What is the hundred millions digit of 1091843994?
0
What is the hundred thousands digit of 51335210?
3
What is the millions digit of 3978642778?
8
What is the hundreds digit of 33995230?
2
What is the units digit of 18996267?
7
What is the units digit of 3026948268?
8
What is the ten thousands digit of 370298654?
9
What is the tens digit of 1765221833?
3
What is the thousands digit of 18842232?
2
What is the millions digit of 1733899536?
3
What is the millions digit of 28660219?
8
What is the units digit of 34737858?
8
What is the thousands digit of 855002049?
2
What is the tens digit of 170279918?
1
What is the thousands digit of 1260192050?
2
What is the units digit of 311014579?
9
What is the units digit of 1074975809?
9
What is the hundred thousands digit of 209034601?
0
What is the hundred thousands digit of 91637743?
6
What is the hundreds digit of 3790916293?
2
What is the billions digit of 1199228767?
1
What is the millions digit of 55407152?
5
What is the hundreds digit of 336807190?
1
What is the tens digit of 13726076?
7
What is the tens digit of 199874683?
8
What is the hundred thousands digit of 128704779?
7
What is the hundred millions digit of 1198446181?
1
What is the units digit of 702416915?
5
What is the units digit of 48269928?
8
What is the hundred millions digit of 205602493?
2
What is the hundreds digit of 292741386?
3
What is the thousands digit of 122321979?
1
What is the units digit of 71623636?
6
What is the tens digit of 134486870?
7
What is the ten thousands digit of 298658061?
5
What is the hundreds digit of 3514444?
4
What is the tens digit of 2234891051?
5
What is the billions digit of 1892830444?
1
What is the ten thousands digit of 185384492?
8
What is the tens digit of 1870575301?
0
What is the ten millions digit of 39613809?
3
What is the hundreds digit of 410246122?
1
What is the hundred millions digit of 145280227?
1
What is the hundred thousands digit of 131090597?
0
What is the tens digit of 18556011?
1
What is the ten thousands digit of 253354548?
5
What is the hundred millions digit of 4912653477?
9
What is the units digit of 57321390?
0
What is the hundred thousands digit of 190274752?
2
What is the ten thousands digit of 326597322?
9
What is the ten millions digit of 6443101400?
4
What is the units digit of 48090447?
7
What is the ten thousands digit of 1010121244?
2
What is the units digit of 1189547165?
5
What is the ten millions digit of 261225327?
6
What is the hundred thousands digit of 1462862915?
8
What is the thousands digit of 62393799?
3
What is the millions digit of 75303894?
5
What is the thousands digit of 271011909?
1
What is the hundred thousands digit of 21418962?
4
What is the tens digit of 155589041?
4
What is the billions digit of 2510855771?
2
What is the hundreds digit of 84566194?
1
What is the millions digit of 310870074?
0
Wha